{"id":94,"date":"2023-12-12T08:52:17","date_gmt":"2023-12-12T08:52:17","guid":{"rendered":"https:\/\/genti.ch\/?page_id=94"},"modified":"2024-04-10T17:15:09","modified_gmt":"2024-04-10T17:15:09","slug":"kosten","status":"publish","type":"page","link":"https:\/\/psychiatrie-zentral.ch\/?page_id=94","title":{"rendered":"Kosten"},"content":{"rendered":"\n<p class=\"has-black-color has-text-color has-link-color wp-elements-812cfbb87fcddf60b7500a9284191ff2\">Ich bin vom Verband der schweizerischen Krankenversicherer (Sant\u00e9Suisse) anerkannt.<\/p>\n\n\n\n<p class=\"has-black-color has-text-color has-link-color wp-elements-b12aece64a9cb523a8ce94951a93c26b\">Dies bedeutet, dass die Kosten durch eine \u00e4rztliche Verordnung von der obligatorischen Krankenkasse \u00fcbernommen werden (abz\u00fcglich Franchise und Selbstbehalt).<\/p>\n\n\n\n<p class=\"has-black-color has-text-color has-link-color wp-elements-a3f8bb29d5138f0d4d4d1dd902e02933\">Ein Teil der Kosten tr\u00e4gt die Wohngemeinde (Restkosten) und wie bei einer Spitex-Leistung bezahlen sie pro Einsatz einen maximalen Selbstbeitrag von 15.35 Fr. (Kantonsabh\u00e4ngig).<\/p>\n\n\n\n<p class=\"has-black-color has-text-color has-link-color wp-elements-f387c9300e90d4c18c75fc7f664d0865\">Sofern sie dem Sozialamt angeschlossen sind oder Erg\u00e4nzungsleistungen beziehen, k\u00f6nnen sie den Selbstbeitrag zur\u00fcckfordern.<\/p>\n\n\n\n<figure class=\"wp-block-image size-large\"><img fetchpriority=\"high\" decoding=\"async\" width=\"1024\" height=\"678\" src=\"https:\/\/psychiatrie-zentral.ch\/wp-content\/uploads\/2024\/04\/sunset-5928907_1280-1024x678.png\" alt=\"\" class=\"wp-image-293\" srcset=\"https:\/\/psychiatrie-zentral.ch\/wp-content\/uploads\/2024\/04\/sunset-5928907_1280-1024x678.png 1024w, https:\/\/psychiatrie-zentral.ch\/wp-content\/uploads\/2024\/04\/sunset-5928907_1280-300x199.png 300w, https:\/\/psychiatrie-zentral.ch\/wp-content\/uploads\/2024\/04\/sunset-5928907_1280-768x509.png 768w, https:\/\/psychiatrie-zentral.ch\/wp-content\/uploads\/2024\/04\/sunset-5928907_1280.png 1280w\" sizes=\"(max-width: 1024px) 100vw, 1024px\" \/><\/figure>\n","protected":false},"excerpt":{"rendered":"<p>Ich bin vom Verband der schweizerischen Krankenversicherer (Sant\u00e9Suisse) anerkannt. Dies bedeutet, dass die Kosten durch eine \u00e4rztliche Verordnung von der obligatorischen Krankenkasse \u00fcbernommen werden (abz\u00fcglich Franchise und Selbstbehalt). Ein Teil der Kosten tr\u00e4gt die Wohngemeinde (Restkosten) und wie bei einer Spitex-Leistung bezahlen sie pro Einsatz einen maximalen Selbstbeitrag von 15.35 Fr. (Kantonsabh\u00e4ngig). Sofern sie dem&hellip; <br \/> <a class=\"read-more\" href=\"https:\/\/psychiatrie-zentral.ch\/?page_id=94\">Weiterlesen<\/a><\/p>\n","protected":false},"author":2,"featured_media":0,"parent":0,"menu_order":0,"comment_status":"closed","ping_status":"closed","template":"","meta":{"footnotes":""},"class_list":["post-94","page","type-page","status-publish","hentry"],"jetpack_sharing_enabled":true,"_links":{"self":[{"href":"https:\/\/psychiatrie-zentral.ch\/index.php?rest_route=\/wp\/v2\/pages\/94","targetHints":{"allow":["GET"]}}],"collection":[{"href":"https:\/\/psychiatrie-zentral.ch\/index.php?rest_route=\/wp\/v2\/pages"}],"about":[{"href":"https:\/\/psychiatrie-zentral.ch\/index.php?rest_route=\/wp\/v2\/types\/page"}],"author":[{"embeddable":true,"href":"https:\/\/psychiatrie-zentral.ch\/index.php?rest_route=\/wp\/v2\/users\/2"}],"replies":[{"embeddable":true,"href":"https:\/\/psychiatrie-zentral.ch\/index.php?rest_route=%2Fwp%2Fv2%2Fcomments&post=94"}],"version-history":[{"count":4,"href":"https:\/\/psychiatrie-zentral.ch\/index.php?rest_route=\/wp\/v2\/pages\/94\/revisions"}],"predecessor-version":[{"id":294,"href":"https:\/\/psychiatrie-zentral.ch\/index.php?rest_route=\/wp\/v2\/pages\/94\/revisions\/294"}],"wp:attachment":[{"href":"https:\/\/psychiatrie-zentral.ch\/index.php?rest_route=%2Fwp%2Fv2%2Fmedia&parent=94"}],"curies":[{"name":"wp","href":"https:\/\/api.w.org\/{rel}","templated":true}]}}